What are the prime factors of 7043361?
3, 13, 59, 3061
What are the prime factors of 389782?
2, 194891
List the prime factors of 4552701.
3, 1517567
What are the prime factors of 432366?
2, 3, 11, 6551
List the prime factors of 13146493.
13146493
List the prime factors of 507153.
3, 71, 2381
What are the prime factors of 203118?
2, 3, 97, 349
List the prime factors of 20891550.
2, 3, 5, 41, 43, 79
List the prime factors of 22304294.
2, 11152147
List the prime factors of 2112458.
2, 19, 23, 2417
List the prime factors of 697018.
2, 7, 49787
List the prime factors of 129331.
283, 457
What are the prime factors of 16900466?
2, 11, 768203
List the prime factors of 1071587.
11, 61, 1597
List the prime factors of 4303125.
3, 5, 17
What are the prime factors of 3645?
3, 5
What are the prime factors of 59202?
2, 3, 11, 13, 23
What are the prime factors of 15840?
2, 3, 5, 11
List the prime factors of 1744449.
3, 7, 11867
List the prime factors of 10873.
83, 131
List the prime factors of 2429184.
2, 3, 3163
List the prime factors of 114747.
3, 23, 1663
List the prime factors of 4678222.
2, 29, 79, 1021
What are the prime factors of 18291755?
5, 3658351
What are the prime factors of 575942?
2, 37, 43, 181
List the prime factors of 602444.
2, 150611
What are the prime factors of 3979140?
2, 3, 5, 11, 6029
List the prime factors of 225968.
2, 29, 487
List the prime factors of 193980.
2, 3, 5, 53, 61
List the prime factors of 802063.
31, 25873
List the prime factors of 705625.
5, 1129
What are the prime factors of 25920391?
7, 3702913
List the prime factors of 1960391.
1960391
List the prime factors of 4008608.
2, 125269
What are the prime factors of 453408?
2, 3, 4723
What are the prime factors of 2011550?
2, 5, 40231
List the prime factors of 1560660.
2, 3, 5, 19, 37
List the prime factors of 133941.
3, 44647
What are the prime factors of 624527?
139, 4493
List the prime factors of 125417.
167, 751
List the prime factors of 3934316.
2, 983579
What are the prime factors of 6762040?
2, 5, 71, 2381
List the prime factors of 1430430.
2, 3, 5, 47681
List the prime factors of 1835732.
2, 547, 839
List the prime factors of 1292353.
1292353
What are the prime factors of 300263?
283, 1061
What are the prime factors of 754732?
2, 11, 17, 1009
What are the prime factors of 102112?
2, 3191
List the prime factors of 110794.
2, 31, 1787
List the prime factors of 411702.
2, 3, 59, 1163
List the prime factors of 274937.
13, 21149
List the prime factors of 187624.
2, 47, 499
What are the prime factors of 346468?
2, 37, 2341
List the prime factors of 646653.
3, 7, 53, 83
List the prime factors of 2110493.
7, 11, 27409
List the prime factors of 10078301.
23, 157, 2791
List the prime factors of 12860990.
2, 5, 1286099
List the prime factors of 525299.
525299
What are the prime factors of 68032?
2, 1063
List the prime factors of 487066.
2, 243533
List the prime factors of 2169173.
19, 114167
List the prime factors of 2566768.
2, 160423
What are the prime factors of 331998?
2, 3, 55333
What are the prime factors of 23751353?
73, 4457
List the prime factors of 147731.
97, 1523
What are the prime factors of 3224919?
3, 1074973
List the prime factors of 2815613.
2815613
List the prime factors of 10135095.
3, 5, 181, 3733
List the prime factors of 103775.
5, 7, 593
List the prime factors of 1666866.
2, 3, 353, 787
List the prime factors of 2875188.
2, 3, 31, 59, 131
What are the prime factors of 1774345?
5, 354869
What are the prime factors of 3278207?
3278207
What are the prime factors of 738847?
738847
What are the prime factors of 1901710?
2, 5, 19, 10009
List the prime factors of 681107.
7, 97301
What are the prime factors of 22003500?
2, 3, 5, 14669
List the prime factors of 40605.
3, 5, 2707
What are the prime factors of 317464?
2, 7, 5669
List the prime factors of 2483370.
2, 3, 5, 41, 673
What are the prime factors of 1721209?
7, 131, 1877
List the prime factors of 2151876.
2, 3, 103, 1741
List the prime factors of 3564130.
2, 5, 41, 8693
List the prime factors of 1077396.
2, 3, 89783
List the prime factors of 742549.
742549
What are the prime factors of 882002?
2, 11, 47, 853
What are the prime factors of 795227?
311, 2557
What are the prime factors of 8304772?
2, 7, 17, 73, 239
What are the prime factors of 17362825?
5, 694513
List the prime factors of 580355.
5, 19, 41, 149
List the prime factors of 1287314.
2, 7, 91951
What are the prime factors of 426295?
5, 85259
List the prime factors of 1262734.
2, 11, 57397
List the prime factors of 322127.
13, 71, 349
List the prime factors of 234154.
2, 47, 53
What are the prime factors of 24620025?
3, 5, 463, 709
List the prime factors of 40782.
2, 3, 7, 971
What are the prime factors of 2185311?
3, 728437
List the prime factors of 521599.
13, 40123
List the prime factors of 2322282.
2, 3, 387047
What are the prime factors of 3012984?
2, 3, 13, 29, 37
What are the prime factors of 21156?
2, 3, 41, 43
List the prime factors of 273719.
273719
What are the prime factors of 9295933?
23, 389, 1039
What are the prime factors of 1345524?
2, 3, 31, 3617
What are the prime factors of 4434796?
2, 29, 38231
What are the prime factors of 164573?
199, 827
What are the prime factors of 81051?
3, 27017
List the prime factors of 116747.
116747
What are the prime factors of 10905901?
349, 31249
What are the prime factors of 320253?
3, 106751
What are the prime factors of 309809?
59, 89
What are the prime factors of 1613667?
3, 11, 107, 457
What are the prime factors of 664730?
2, 5, 11, 6043
List the prime factors of 35432790.
2, 3, 5, 1181093
List the prime factors of 1090737.
3, 17, 7129
List the prime factors of 236115.
3, 5, 11, 53
What are the prime factors of 8704623?
3, 587, 4943
List the prime factors of 245153.
67, 3659
What are the prime factors of 17864514?
2, 3, 23, 43151
What are the prime factors of 11322?
2, 3, 17, 37
List the prime factors of 4693618.
2, 67, 35027
What are the prime factors of 129360?
2, 3, 5, 7, 11
List the prime factors of 13266866.
2, 6633433
List the prime factors of 1790186.
2, 491, 1823
What are the prime factors of 341848?
2, 13, 19, 173
List the prime factors of 1868837.
1868837
List the prime factors of 2325222.
2, 3, 101, 1279
List the prime factors of 592765.
5, 103, 1151
List the prime factors of 4235262.
2, 3, 647, 1091
What are the prime factors of 156846?
2, 3, 26141
What are the prime factors of 1304092?
2, 326023
List the prime factors of 7348296.
2, 3, 223, 1373
List the prime factors of 1009075.
5, 181, 223
List the prime factors of 7753.
7753
List the prime factors of 1575655.
5, 79, 3989
What are the prime factors of 5258835?
3, 5, 23, 5081
What are the prime factors of 68887?
7, 13, 757
What are the prime factors of 41290?
2, 5, 4129
What are the prime factors of 117702?
2, 3, 13, 503
List the prime factors of 3667736.
2, 37, 12391
List the prime factors of 3809192.
2, 197, 2417
List the prime factors of 14873613.
3, 4957871
What are the prime factors of 25950153?
3, 8650051
List the prime factors of 62167.
7, 83, 107
What are the prime factors of 944972?
2, 7, 33749
What are the prime factors of 1752277?
157, 11161
What are the prime factors of 443092?
2, 13, 8521
What are the prime factors of 1159850?
2, 5, 23197
What are the prime factors of 9254202?
2, 3, 43, 35869
List the prime factors of 524190.
2, 3, 5, 101, 173
List the prime factors of 548625.
3, 5, 7, 11, 19
What are the prime factors of 30277074?
2, 3, 43, 117353
What are the prime factors of 530597?
530597
List the prime factors of 943998.
2, 3, 11, 14303
What are the prime factors of 854264?
2, 106783
List the prime factors of 52514.
2, 7, 11, 31
List the prime factors of 507209.
151, 3359
What are the prime factors of 449382?
2, 3, 74897
What are the prime factors of 1976195?
5, 13, 30403
List the prime factors of 2147825.
5, 53, 1621
List the prime factors of 452364.
2, 3, 11, 23, 149
What are the prime factors of 4717673?
31, 152183
List the prime factors of 3200392.
2, 13, 30773
What are the prime factors of 320795?
5, 83, 773
List the prime factors of 164624.
2, 10289
What are the prime factors of 12012264?
2, 3, 11, 29, 523
List the prime factors of 2783149.
31, 89779
List the prime factors of 30130867.
13, 2317759
